e 12873282?
False
Does 64 divide 2126272?
True
Is 1434583 a multiple of 20?
False
Is 10794551 a multiple of 113?
True
Is 263340 a multiple of 660?
True
Does 20 divide 128328?
False
Is 67356 a multiple of 18?
True
Is 52 a factor of 2388711?
False
Does 167 divide 460920?
True
Is 122980 a multiple of 43?
True
Is 313290 a multiple of 69?
False
Is 11 a factor of 238161?
True
Does 17 divide 1262981?
True
Is 14 a factor of 302652?
True
Is 7439080 a multiple of 110?
True
Is 6 a factor of 5591688?
True
Is 5 a factor of 5757659?
False
Does 50 divide 44626?
False
Does 13 divide 94510?
True
Does 214 divide 118531?
False
Is 9 a factor of 821373?
False
Is 13678 a multiple of 3?
False
Is 97 a factor of 2663620?
True
Is 4360360 a multiple of 67?
True
Does 107 divide 248026?
True
Is 85408 a multiple of 68?
True
Is 19 a factor of 443631?
True
Is 32 a factor of 155229?
False
Is 85 a factor of 6973682?
False
Is 25 a factor of 737069?
False
Is 2278093 a multiple of 25?
False
Is 15 a factor of 133355?
False
Is 5865950 a multiple of 25?
True
Is 104191 a multiple of 29?
False
Is 7334361 a multiple of 772?
False
Is 5870964 a multiple of 237?
True
Is 283272 a multiple of 4?
True
Does 3 divide 102567?
True
Is 352635 a multiple of 12?
False
Is 6527136 a multiple of 12?
True
Is 40 a factor of 77847?
False
Does 72 divide 1960731?
False
Does 61 divide 223129?
False
Does 17 divide 6661305?
False
Does 23 divide 5848133?
False
Is 1051967 a multiple of 13?
False
Is 7 a factor of 127995?
True
Is 65 a factor of 57978?
False
Does 1006 divide 1954658?
True
Does 171 divide 641544?
False
Is 289336 a multiple of 236?
True
Is 3893064 a multiple of 12?
True
Does 947 divide 3257419?
False
Does 10 divide 995779?
False
Is 2699216 a multiple of 247?
True
Does 15 divide 37635?
True
Is 250116 a multiple of 19?
True
Is 104 a factor of 272620?
False
Does 16 divide 10446432?
True
Does 626 divide 1579586?
False
Is 1362928 a multiple of 28?
True
Is 130816 a multiple of 292?
True
Is 9 a factor of 1293497?
False
Does 8 divide 154676?
False
Does 20 divide 34260?
True
Is 46565 a multiple of 5?
True
Is 195185 a multiple of 515?
True
Is 11985504 a multiple of 97?
False
Is 201360 a multiple of 20?
True
Is 136903 a multiple of 111?
False
Does 138 divide 24840?
True
Is 237547 a multiple of 25?
False
Does 51 divide 896587?
False
Is 78800 a multiple of 20?
True
Does 4 divide 5028?
True
Is 31 a factor of 8228795?
True
Is 398124 a multiple of 9?
True
Is 467 a factor of 91028?
False
Is 2960965 a multiple of 362?
False
Is 169895 a multiple of 21?
False
Is 6 a factor of 4111792?
False
Is 5 a factor of 24249?
False
Is 29504 a multiple of 75?
False
Is 2212899 a multiple of 13?
True
Is 972834 a multiple of 58?
True
Is 204 a factor of 738276?
True
Does 46 divide 492292?
True
Does 107 divide 23987?
False
Is 357687 a multiple of 99?
True
Is 1407324 a multiple of 23?
True
Does 189 divide 2787097?
False
Does 309 divide 61472?
False
Is 11997315 a multiple of 15?
True
Does 18 divide 12669?
False
Does 577 divide 2558158?
False
Is 108618 a multiple of 4?
False
Is 70 a factor of 2871186?
False
Is 480528 a multiple of 568?
True
Is 53 a factor of 40704?
True
Is 3602924 a multiple of 104?
False
Is 3017167 a multiple of 46?
False
Is 129 a factor of 1129424?
False
Is 1368144 a multiple of 54?
True
Is 9320289 a multiple of 33?
True
Does 13 divide 3393670?
False
Is 9 a factor of 30110?
False
Is 261002 a multiple of 12?
False
Does 306 divide 1157598?
True
Is 99779 a multiple of 6?
False
Is 1281056 a multiple of 32?
True
Is 30277716 a multiple of 21?
True
Is 859 a factor of 6013859?
True
Is 1554480 a multiple of 48?
True
Is 3467746 a multiple of 51?
False
Is 483 a factor of 12918318?
True
Is 3203820 a multiple of 90?
True
Does 38 divide 1795912?
False
Is 13 a factor of 3796975?
True
Is 12 a factor of 10099692?
True
Does 1189 divide 14354752?
False
Is 173470 a multiple of 19?
True
Is 117 a factor of 1689561?
False
Does 10 divide 227340?
True
Is 30510 a multiple of 226?
True
Is 5329314 a multiple of 7?
False
Is 76104 a multiple of 36?
True
Is 17 a factor of 2874302?
False
Is 17 a factor of 299274?
False
Is 5 a factor of 40820?
True
Does 29 divide 11763799?
False
Is 53 a factor of 5618?
True
Is 4 a factor of 3931182?
False
Does 60 divide 121777?
False
Is 1664391 a multiple of 12?
False
Is 8094 a multiple of 32?
False
Does 147 divide 522291?
True
Does 833 divide 639454?
False
Is 178 a factor of 130343?
False
Is 68747 a multiple of 6?
False
Is 195 a factor of 2328690?
True
Does 70 divide 100660?
True
Is 6042472 a multiple of 329?
False
Does 90 divide 224370?
True
Is 4 a factor of 89695?
False
Is 857416 a multiple of 23?
False
Does 14 divide 788202?
False
Is 9 a factor of 2114577?
True
Is 75226 a multiple of 5?
False
Is 327 a factor of 55903?
False
Is 163 a factor of 1450410?
False
Does 138 divide 314916?
True
Is 10 a factor of 2069264?
False
Does 117 divide 296794?
False
Is 8736793 a multiple of 13?
True
Does 195 divide 6678399?
False
Is 2 a factor of 1846655?
False
Is 75459 a multiple of 67?
False
Does 15 divide 102555?
True
Does 2427 divide 10758592?
False
Is 116035 a multiple of 23?
True
Is 1291372 a multiple of 12?
False
Does 16 divide 111568?
True
Does 48 divide 189624?
False
Is 148 a factor of 7212580?
False
Does 136 divide 125477?
False
Does 55 divide 2594845?
True
Is 12 a factor of 581544?
True
Is 7 a factor of 262586?
False
Is 323 a factor of 5450670?
False
Is 131 a factor of 18602?
True
Is 114 a factor of 8506224?
True
Does 1264 divide 1355008?
True
Is 35 a factor of 9708545?
True
Is 94 a factor of 354098?
True
Is 5403665 a multiple of 48?
False
Is 19 a factor of 345249?
True
Does 594 divide 18018990?
True
Is 7697925 a multiple of 5?
True
Is 17 a factor of 4680014?
False
Is 871 a multiple of 10?
False
Does 19 divide 628459?
False
Is 30 a factor of 502170?
True
Is 18 a factor of 88506?
True
Does 104 divide 7735936?
True
Is 14 a factor of 3321240?
False
Does 43 divide 2292131?
False
Is 559660 a multiple of 11?
False
Is 3 a factor of 14994?
True
Is 70 a factor of 3212855?
False
Does 19 divide 621813?
True
Is 35552 a multiple of 50?
False
Is 11 a factor of 39994?
False
Is 11 a factor of 15527426?
False
Does 14 divide 48989?
False
Is 214271 a multiple of 26?
False
Does 61 divide 137494?
True
Is 68584 a multiple of 311?
False
Does 7 divide 17235?
False
Is 75 a factor of 140850?
True
Is 556845 a multiple of 28?
False
Is 698784 a multiple of 1392?
True
Is 516665 a multiple of 36?
False
Is 984 a factor of 29793552?
True
Is 144974 a multiple of 419?
True
Does 389 divide 112454?
False
Does 135 divide 1078826?
False
Does 6 divide 563328?
True
Is 4045431 a multiple of 150?
False
Is 1028604 a multiple of 10?
False
Is 19 a factor of 10642451?
True
Is 50236 a multiple of 10?
False
Does 303 divide 221190?
True
Is 65 a factor of 3707990?
True
Is 198180 a multiple of 21?
False
Does 14 divide 35028?
True
Is 14 a factor of 76566?
True
Is 95 a factor of 159077?
False
Is 2396007 a multiple of 825?
False
Does 32 divide 4051264?
True
Is 153100 a multiple of 4?
True
Is 22003 a multiple of 5?
False
Is 12334 a multiple of 7?
True
Is 529534 a multiple of 8?
False
Does 14 divide 5656168?
True
Is 22 a factor of 310003?
False
Is 12530863 a multiple of 605?
False
Is 343616 a multiple of 112?
True
Does 6 divide 328884?
True
Does 159 divide 248600?
False
Is 9 a factor of 421986?
False
Does 2 divide 398541?
False
Is 959400 a multiple of 369?
True
Is 4042010 a multiple of 1022?
True
Does 23 divide 556094?
True
Is 518700 a multiple of 140?
True
Is 133127 a multiple of 317?
False
Does 42 divide 240912?
True
Is 3675616 a multiple of 46?
False
Is 446505 a multiple of 51?
True
Does 63 divide 584547?
False
Does 127 divide 110363?
True
Does 18 divide 3291642?
True
Is 403 a factor of 123283?
False
Is 216 a factor of 215784?
True
Does 739 divide 3835410?
True
Does 363 divide 228690?
True
Is 7461 a multiple of 3?
True
Is 8 a factor of 56616?
True
Is 22436 a multiple of 40?
False
Is 2833380 a multiple of 33?
True
Is 58 a factor of 2278124?
True
Is 86 a factor of 105221?
False
Is 8973387 a multiple of 549?
False
Does 680 divide 212497?
False
Is 6 a factor of 341634?
True
Is 35 a factor of 37275?
True
Is 129 a factor of 214914?
True
Is 6 a factor of 95568?
True
Does 218 div